ors of r(0).
2, 457
Let s = 2655 - 1681. What are the prime factors of s?
2, 487
Let a = -102 + 21. Let v = a + 123. What are the prime factors of v?
2, 3, 7
Suppose -5*l + 3*k = k - 34, 2*l - 2 = -5*k. Suppose l*b = b. Let y(v) = -v**2 - 2*v + 11. List the prime factors of y(b).
11
Let v = 32 + -17. Let k(s) = -s**2 + 11*s - 26. Let u be k(13). What are the prime factors of (v - 16)/(2/u)?
2, 13
Suppose 9*p + 2 = 8*p. What are the prime factors of (-1)/2*p*66?
2, 3, 11
Suppose 60 = -20*a + 23*a. Suppose -4*w + a = 4*p - 0*w, 0 = -4*p - 2*w + 14. List the prime factors of p.
2
Let a = -221 + 423. Suppose -252 = 5*u - 4*z + 3*z, -4*u + z = a. Let f = 83 + u. List the prime factors of f.
3, 11
Let z = 148 + -83. Let k = 194 - z. List the prime factors of k.
3, 43
Suppose 5*v = 4*s + 926, -906 = 4*v - 9*v - s. What are the prime factors of v?
2, 7, 13
Let b(o) = 10 + 12*o + o**3 + 19 + 11*o**2 - 5. Let t be b(-10). What are the prime factors of (2/(-4))/(t/(-96))?
2, 3
Suppose 6 = 33*b - 35*b. Let h(r) be the second derivative of -r**5/20 + 2*r**3/3 + r. What are the prime factors of h(b)?
3, 5
Let x(r) = 7*r**3 + 9*r**2 + 5*r - 12. Let o(i) = 3*i + 2*i - 3*i - 4 + 4*i**3 + 4*i**2 - 2. Let n(m) = -5*o(m) + 3*x(m). List the prime factors of n(-5).
19
Let n be 0 + 0 - (-8 + -302). Suppose -24 = 2*l - n. Let d = 218 - l. List the prime factors of d.
3, 5
Let q(g) = 11*g**2 - 9*g + 80. Let z(f) = 5*f**2 - 4*f + 40. Let p(y) = -4*q(y) + 9*z(y). Suppose -2*r = -3*r. List the prime factors of p(r).
2, 5
Let s be (0 - (-5 + 3))*1. Suppose s*n + 0*n = 8. List the prime factors of 2/n + 58/4.
3, 5
Let p be (-98)/(-21)*(-6)/(-7). Suppose 578 + 10 = p*c. What are the prime factors of c?
3, 7
Suppose -5*i + 29 + 6 = 0. Suppose -i*f = -8*f + 66. List the prime factors of f.
2, 3, 11
Suppose z = -3*b + 123, -331 = -4*z - b + 205. List the prime factors of z.
3, 5
Let k(o) = 2*o**3 - 35*o**2 - 12*o - 6. List the prime factors of k(19).
3, 283
Let v be (-3)/(((-12)/8)/(-1)). Let d be 24/(-9)*3/v. Suppose 3*s = -0*s + d*k + 72, 2*s - k - 43 = 0. List the prime factors of s.
2, 5
Suppose 14 + 7 = 3*v + 3*w, -2*v = -4*w - 38. Let p be v*8 - (-1 + -1). Suppose 0*q + 5*q = -5*c + p, 0 = 3*q + c - 44. List the prime factors of q.
13
Let x = -800 - -426. Let y = x - -537. What are the prime factors of y?
163
Let u(g) = -g + 9. Let s be u(11). Let m(w) = -30*w + 1. List the prime factors of m(s).
61
Let y(o) = 90*o - 88. List the prime factors of y(19).
2, 811
Suppose -4*y + 6 = -5*y. Let i = y + 6. Suppose i = -3*z - 9, -z - 41 = -5*j + z. What are the prime factors of j?
7
Suppose -4*h = -2*k + 2842, 6*h - h = -3*k + 4296. What are the prime factors of k?
1427
Suppose -16*s + 939 = -2037. List the prime factors of s.
2, 3, 31
Suppose -o = -11 - 0. Let u = -11 + o. Suppose u*q + 8 = 2*q. List the prime factors of q.
2
Let p be 9 + 4 + -4 + 4. Suppose p*j = 15*j - 54. List the prime factors of j.
3
Let i(z) = -z**3 - 5*z**2 - 7*z + 1. Let m be i(-5). List the prime factors of 7/((-21)/m)*(-7 + 0).
2, 3, 7
Suppose 0 = -g + 2*u - 2, 3 = -g - 2*u + 5*u. Let c = -1 - -3. List the prime factors of g/5 + (17 - c).
3, 5
Let t be (-3434)/(-51) + 2/3. Suppose 0 = -6*k + t + 22. What are the prime factors of k?
3, 5
Suppose 0 = -2*m - 4*t - 12, m - 10 = 6*m + 5*t. Suppose -c + 9 = -2*y, y + 33 = -0*c + m*c. List the prime factors of c.
19
Let s = 223 + -220. Let q(b) = -b**3 - 8*b**2 - 7*b + 7. Let c be q(-6). Let h = s - c. List the prime factors of h.
2, 13
Let a(v) = -v**3 + 24*v**2 + 100*v + 38. What are the prime factors of a(27)?
19, 29
Let z be ((-1)/((-4)/(-8)))/2. Let l be -1 - (-4)/(z/(-1)). List the prime factors of 3*l/18*68.
2, 17
Suppose -6*t + 4 - 4 = 0. Suppose 0 = -t*d - 2*d - 2*h + 548, -2*d + 548 = 5*h. List the prime factors of d.
2, 137
Suppose 6*q = 47*q - 133414. What are the prime factors of q?
2, 1627
Let b = 323 - -302. List the prime factors of b.
5
Let b be (0*4/(-40))/(-2). Let m be 22/4 + (-2)/(-4). Suppose -m*a + 3*a + 24 = b. List the prime factors of a.
2
Let g(h) = 8*h**2 - 1 - 5*h**3 - 60*h**3 + 2*h - 3*h**2. What are the prime factors of g(-1)?
67
Let i(h) = h**3 + 7*h**2 + 4*h - 7. Suppose -5*a - 5 = 0, 0 = 4*k + 4*a - 21 + 9. Suppose -k*f - 25 = f. What are the prime factors of i(f)?
23
Suppose 5*w + 0*t - 1060 = -t, -5*w = 4*t - 1060. Suppose m - w = -3*m. What are the prime factors of m?
53
Suppose u = -5*d + 213 + 42, 2*u + 190 = 4*d. Suppose 2*y + 0*y = d. Suppose -3*s + 5*p + 0*p + 19 = 0, 0 = -5*s + 5*p + y. What are the prime factors of s?
3
Let m = -53 + 125. Let d = 100 - m. List the prime factors of d.
2, 7
Let c(b) = -42*b - 6. Let m be c(-3). Let z = m - 16. List the prime factors of z.
2, 13
Let a(j) = 10*j**2 - 44*j + 228. What are the prime factors of a(10)?
2, 197
Let o be 32/10 + (-2)/10. Suppose o*m + 0*m - 2*x = 318, m = -2*x + 106. List the prime factors of m.
2, 53
Let d(n) = -15*n + 8 - 6 - 85*n. List the prime factors of d(-1).
2, 3, 17
Let b(o) = -o**2 + 3*o + 9. Let q(k) = k + 1. Let c(h) = -2*b(h) + 6*q(h). What are the prime factors of c(6)?
2, 3, 5
Let j be 2/(-10) + 1008/40. Suppose 5*z = -0*z + j, -5*y = 4*z - 160. What are the prime factors of (-9)/(-6)*y/3?
2, 7
Let d(b) = -b**3 + 4*b**2 + 7*b - 4. Let j be d(5). Let n = j + 31. What are the prime factors of n?
37
Let m be (1 - -1)*(-5 + -1). Let y = -10 - m. Suppose y*h - 14 = 2. What are the prime factors of h?
2
Let k(b) = b + 11. Let f be k(13). List the prime factors of f - (-3 + 10/5).
5
Suppose 18*l = 50*l - 91904. What are the prime factors of l?
2, 359
Let q be (2/(-6))/((-2)/(-18)). Let l be q - 1/((-1)/3). Suppose l*u = 3*u - 24. What are the prime factors of u?
2
Suppose 8 = -4*h + 3*h. Let q = -4 - h. What are the prime factors of 14/2*q/14?
2
Let z(q) = 105*q**2 - 12*q + 34. What are the prime factors of z(3)?
23, 41
Suppose 0 = -l - 4*d + 48, 84 + 23 = 2*l - 3*d. List the prime factors of l.
2, 13
List the prime factors of 16/6*495 + 0/(-1).
2, 3, 5, 11
Suppose 35*j - 37*j + 1578 = 0. What are the prime factors of j?
3, 263
Let d(g) = 683*g**2 - 31*g + 63. What are the prime factors of d(2)?
3, 911
List the prime factors of (-25)/(50/(-12)) - -2521.
7, 19
Suppose 0 = 32*v - 37*v + 3800. List the prime factors of v.
2, 5, 19
Let v be 1*56/(-20)*-5. Let x be (-4)/(-14) - (-52)/v. Suppose -x*f - f = -165. List the prime factors of f.
3, 11
Let b be 3 - (-1)/(-2)*2. Let a = 42 - 36. Suppose -3*w + 2*v - a*v = -42, 2*w + b*v = 26. List the prime factors of w.
2, 5
Let x(w) = -5*w + 15. Let m be x(3). Let z(n) = -2*n + 33. List the prime factors of z(m).
3, 11
Let s(d) = 2*d - 25. Let a(i) = i + 1. Let w(p) = 3*a(p) - s(p). List the prime factors of w(12).
2, 5
Let s = 7 - 7. Suppose s = 2*d + 2*h - 42, -d + 47 - 11 = -4*h. List the prime factors of d.
2, 3
Suppose -4*f = -5*t - 45, 10 = -3*t - 5. Suppose f*n = 10*n - 255. Let i = -28 + n. List the prime factors of i.
23
Let o = -12 - -17. Let y(t) = 10*t**2 + 10*t**2 - 5*t + 6 - 19*t**2. List the prime factors of y(o).
2, 3
Suppose p + 2*p = -21. Let q = p + 19. List the prime factors of (4/q)/(2/18).
3
Let t(o) = 41*o - 5. Suppose 21 = 2*c + 7. Let n be t(c). What are the prime factors of (-6)/30 - n/(-10)?
2, 7
Let v = 143 - 141. Suppose -v*q = q - 804. What are the prime factors of q?
2, 67
Let n(a) = 86*a**2 + 2*a + 52. List the prime factors of n(-5).
2, 137
What are the prime factors of (1 + (-80)/6)/((-2)/6)?
37
Let j(a) = -a**2 + 2*a. Let l be j(2). Suppose l = -4*u + 8 + 12. Suppose -2*q + 52 = u*s, 5*s + 4*q + 0 = 44. List the prime factors of s.
2, 3
Let s = 8 - 5. Let r be (-2)/(-5)*(127 + s). List the prime factors of ((-2)/4)/((-2)/r).
13
Suppose -2*d + 5 = -d. Suppose v = 3*v - d*h - 66, 0 = h. What are the prime factors of v?
3, 11
Let y be (2 + 20/(-8))*-4. Suppose y*w - 7*w + 50 = 0. Let m(h) = h**2 - 7*h - 7. List the prime factors of m(w).
23
Let g be 0/1 + 1 + -9. List the prime factors of ((-28)/g)/(-7)*-146.
73
Let i(q) = 17*q**2 + 5*q - 40. What are the prime factors of i(4)?
2, 3, 7
Suppose 5*v = 4*g + 16, -v + 20 = 3*v + 4*g. Suppose 0 = 3*k + 5*a - 241, 4*k + 5*a - 319 = 4. Suppose 0 = -v*j + k - 2. What are the prime factors of j?
2, 5
Let b be (5/(-1))/(2/(-20)). Let v